- 2*h + 1303. Calculate i(p).
-11
Let d = -158 + 165. Let i be (-3)/(-3) + 14/d. Let v(w) = -w + 4. Calculate v(i).
1
Let s(g) = -g. Suppose -123*a - 27 = -132*a. Suppose 5*x = 10*c - 6*c + 3, -3*x + a = -2*c. What is s(c)?
-3
Let j(n) = -n**2 + 37*n - 49. Suppose 4*v + 1190*s - 1185*s = 144, 5*v + 5*s - 180 = 0. Give j(v).
-13
Let h(m) = m**3 + 8*m**2 + 2*m + 4. Let j(z) = 184*z + 2752. Let n be j(-15). Give h(n).
-12
Let r(w) = 2*w**3 - 18*w**2 + 23*w - 50. Let y(h) = -2*h**3 + 18*h**2 - 22*h + 43. Let k(o) = -5*r(o) - 6*y(o). Determine k(8).
0
Let o = -64 + 49. Let p = -11 - o. Suppose -6*c = y - p*c - 4, -5*y = -c - 9. Let m(b) = -b - 1. Calculate m(y).
-3
Let d = -47 - -42. Let p(z) = -z + 875 - 875. Let a(x) = 1. Let l(t) = d*a(t) + p(t). Calculate l(4).
-9
Let m(d) = -d - 35. Let y(u) = -48*u + 41. Let o(b) = 4*m(b) - y(b). Determine o(4).
-5
Let k(h) = h**3 + 5*h**2 - 6*h - 6. Suppose 3*d + 40 = 2*d - 4*q, q = 3*d + 107. Let z = 32 + -2. Let x = z + d. What is k(x)?
-6
Let x(z) be the first derivative of -52 - 2/3*z**3 + 0*z - 3*z**2. Suppose -20 = -10*r + 15*r. Determine x(r).
-8
Let d(n) = -3*n**2 - 7*n - 7. Let o(x) = -x**2 - x - 1. Suppose 0 = c + 11 - 9. Let f(m) = 2*m + 7. Let k be f(-3). Let h(j) = c*o(j) + k*d(j). What is h(-5)?
-5
Let i(z) = z + 16. Let h(j) = 3*j + 47. Let v(c) = -2*h(c) + 7*i(c). Let s(n) = -n**2 - 347*n + 10089. Let f be s(27). Calculate v(f).
9
Let a(g) be the first derivative of 11/3*g**3 + 9*g + 1/4*g**4 + 11/2*g**2 + 38. What is a(-10)?
-1
Let q(d) = -73*d**2 - 229*d - 66. Let a(s) = 176*s**2 + 573*s + 165. Let p(k) = -5*a(k) - 12*q(k). Give p(-29).
-4
Let u be (-4)/30 - 726/(-3960). Let t(a) be the second derivative of 4*a + 0 - u*a**5 - 1/12*a**4 + 0*a**3 + 3*a**2. What is t(0)?
6
Let i(g) be the first derivative of -g**4/4 - 11*g**3/3 + 13*g**2/2 + 2*g - 32085. Let a = 6 - 18. Calculate i(a).
-10
Let d(x) be the first derivative of -x**4/4 - 5*x**3/3 + 3*x**2/2 - 6*x + 5885. Give d(-5).
-21
Let o(m) be the first derivative of 19*m**2 + 15*m - 786. Calculate o(-2).
-61
Let r be (-3)/2*-16*(-5)/(-30). Let m be (-165)/(-44)*r/3. Suppose m = i - 0. Let l(v) = v**3 - 6*v**2 + 4*v - 7. Calculate l(i).
-12
Let w be -20 + 24 + (-2)/(6/15). Let k(s) = 40*s + 32. Let j(u) = u + 1. Let x(n) = 32*j(n) - k(n). What is x(w)?
8
Suppose -9*s + 12*s + 6 = 0, 2*l = -5*s - 12. Let p(u) = -u + 1. Let d(q) = -17*q - 3. Let n(a) = -d(a) - 2*p(a). Give n(l).
-18
Let w be (-60)/(-75) - (-71)/5. Let c(h) = -109*h + 108*h - 3 - w + 0. What is c(-12)?
-6
Let v(j) = 2*j**2 - 6*j + 5. Suppose 193 + 230 = 141*i. What is v(i)?
5
Let c(q) be the second derivative of q**4/12 - 5*q**3/6 - q**2 + q. Let y = -62 - -32. Let j = -25 - y. What is c(j)?
-2
Let u(d) = -2*d + 4. Let a be u(2). Suppose -3*q + 7*q = -r - 11, a = -q - 5*r + 21. Let l be 0*(q/(-8))/1. Let j(g) = -g + 8. Give j(l).
8
Let l be ((-22)/154 + 114/14)/4. Let w(u) be the first derivative of 5 - 1/4*u**4 - u + u**3 + u**l. Calculate w(3).
5
Let v(x) = -13*x + 10. Let b = -5617 - -5619. Calculate v(b).
-16
Let m(x) = 14*x**2 + x - 1. Let n(v) = 35*v - 57. Let u be n(5). Suppose 124*s - u*s = 6. Give m(s).
14
Let p(x) = x**3 - 21*x**2 + 21*x - 13. Let i be p(20). Let m(w) = 4*w**2 - i*w + 3*w**2 + 7 - 6*w**2 - 14. Calculate m(8).
1
Let c be (-3)/1*26/6. Let z(y) = 2*y**2 - 15*y - 16. Let j(h) = -h**2 - 3. Let q(r) = -3*j(r) - z(r). What is q(c)?
-1
Let w(n) = -n**3 + 2*n**2 + 3*n - 8. Suppose -1420 = -2*k + 5*z - 1392, -8 = 3*k + 5*z. What is w(k)?
-28
Suppose 114*k = 20*k + 3854. Let j(t) = t**2 - 39*t - 82. Calculate j(k).
0
Let n(x) = -x**3 + 89*x**2 - 217*x + 3720. Let k be n(87). Let v(u) = -u**3 - 25*u**2 - 84*u - 7. Calculate v(k).
-7
Let u be ((-5)/(-5)*2)/(-1). Let y(c) be the second derivative of -c**4/12 + 2*c**3/3 + 7*c**2/2 + 27*c - 6. Calculate y(u).
-5
Let r(q) = 4*q + 1. Suppose 4*b - 5*v = 7, 4*b + 4*v = -0*v + 52. Suppose -x - b = 4*a - 5*a, 0 = -3*x + 2*a - 21. What is r(x)?
-19
Let w(o) = 200 + 197 + o**2 - 423 - 3*o. What is w(-3)?
-8
Suppose -181*w = -189*w - 8. Let r(v) = 4*v - 6. Let h(o) = -1. Let m(s) = 5*h(s) - r(s). Determine m(w).
5
Let z(m) = -m**3 - 6*m**2 - 3*m + 1. Let x be (2 - (-16)/(-6)) + (-26)/(-3). Suppose -x*b - 48 + 0 = 0. Give z(b).
19
Let p be (-460)/(-70) - 20/35. Let w(i) = i**3 - 1 + 5 + 3*i**2 - 5*i**2 - 4*i**2. Calculate w(p).
4
Let z(j) = -j**3 - 15*j**2 + 16*j - 4. Let b be 8*15/(-6) + 14/7. Let y(w) = 11*w + 182. Let s be y(b). Determine z(s).
-4
Let p(i) be the third derivative of i**5/60 - i**3/6 - 12422*i**2. Suppose -7 - 3 = -2*a, 24 = 3*y + 3*a. Let f = 1 - y. What is p(f)?
3
Let t(d) = 2*d**3 - 8*d**2 + d - 7. Let a(n) = n**3 - 7*n**2 + 4*n - 4. Let f(l) = -3*a(l) + 2*t(l). Determine f(-7).
-30
Let i(q) = -2*q**2 - 47*q - 101. Let n be i(-21). Let k(s) = 7*s - 22. Determine k(n).
6
Let f be 6 - 12*(-4)/(-8). Suppose -4*k = -5*l - 46, 4*l + 2*k + 3*k + 45 = f. Let m(t) = -t**3 - 10*t**2 - 6. Give m(l).
-6
Let q(w) = 282*w - 483. Let y(i) = 17*i - 30. Let v(p) = -6*q(p) + 99*y(p). Give v(-8).
0
Let g(a) = a**2 + 4*a + 4. Let l = -384 + 602. Suppose -12 = -l*b + 222*b. Determine g(b).
1
Let i(p) = -18*p**3 + 30*p**2 + 32*p - 61. Let m(f) = 11*f**3 - 18*f**2 - 19*f + 36. Let k(w) = -8*i(w) - 13*m(w). Let g be 3/12 - (-27)/4. Give k(g).
6
Suppose 0*r + 5*x + 150 = 2*r, -4*r = -x - 300. Let w(u) = -2*u + 3*u - 37 - 36 + r. Calculate w(-7).
-5
Suppose 0 = -2*r + 4, 5*r = -2*f + 4*f. Let n(a) = 5*a - 21. Let p be n(f). Suppose p*z = -8 - 0. Let u(x) = -x**3 - 3*x**2 - 3*x - 3. Give u(z).
-1
Let y be -27*19/2565*-10. Let k(j) be the second derivative of 0 + 1/12*j**4 + 1/3*j**3 - 20*j - 1/2*j**y. Determine k(-2).
-1
Let u be -20 + 33/9*3. Let p(w) = -5*w + 14. Determine p(u).
59
Let z(k) = 11*k**3 - 2*k - 18*k**3 - 2 - 2*k**2 + 6*k**3. Suppose 35*t - 3*d = 33*t - 16, -2*t - 12 = -2*d. Give z(t).
2
Let p(u) be the third derivative of -172*u**2 + 0*u + 0 + 1/3*u**3 + 1/24*u**4. What is p(-4)?
-2
Let f(n) = -n**2 - 7*n - 5. Let w be 3 + 0 - (-102)/(-1). Let m = w - -87. Let l be m/(-15)*(-9 + 1 + 3). What is f(l)?
7
Let r = 20 - -79. Let m = r - 113. Let i(k) = k + 20. Determine i(m).
6
Let r(n) = -2*n - 3*n + n**3 - 6*n + 17*n - n**2 - 1 - 3*n. Let q(h) = 2*h**3 - 3*h**2 + 7*h - 3. Let s(t) = -2*q(t) + 5*r(t). What is s(-3)?
-20
Suppose 4*a = -4*l, 5 = -4*a - 6*l + l. Let p(z) = z**2 - 163 - 175 + 518 - 173 - 4*z + 0*z**2. Give p(a).
12
Let r(b) = 5*b**3 + 7*b**2 - 37. Let y(f) = 9*f**3 + 15*f**2 - f - 73. Let c(j) = 7*r(j) - 4*y(j). What is c(-11)?
-11
Let m(q) be the first derivative of -q**4/4 - 2*q**3 + 4*q**2 + 6*q + 129. Let t = 87 - 61. Suppose -2*r - 3*g = t - 0, 5*r + 39 = -g. Determine m(r).
-1
Suppose 0 = 5*l - 4*d - 30, 14*d - 7 = 4*l + 17*d. Let r(t) = 0 + 4 + 2 - 15*t**l + t**3 - 2 + 12 - 17*t. Calculate r(16).
0
Let x(r) = -85*r + 63. Let f(n) = 330*n - 255. Let c(j) = 9*f(j) + 35*x(j). Calculate c(-17).
-5
Let l be (-116)/(-10) - 2/(-5). Suppose 26*c + l = 30*c. Let z = c + 2. Let i(f) = f**3 - 4*f**2 - 3*f. Give i(z).
10
Let a(c) be the third derivative of 7*c**5/120 - c**4/8 + 64*c**3/3 - 126*c**2. Let x(i) be the first derivative of a(i). Calculate x(6).
39
Let y(u) = -u**3 + u**2 + 2*u + 18. Let k(w) = w**3 - w**2 - 2*w - 16. Let r be (-3)/(-5) - (-9 + (-498)/(-30)). Let j(n) = r*k(n) - 6*y(n). Calculate j(3).
-8
Let w(n) = 4 + 4 + 8*n + n**2 - n. Let p be (1/7)/(25/175) + 2. Suppose -4 + 10 = p*t, 3*t = 3*m + 27. Calculate w(m).
8
Let u(x) = x**3 - 11*x**2 + 20*x + 2. Let k(j) = 3*j**3 - 34*j**2 + 62*j + 5. Let h(f) = 3*k(f) - 10*u(f). Calculate h(6).
-17
Suppose 3331 + 437 = -664*a - 3536. Let d(u) = 3*u**2 + 29*u - 16. Give d(a).
28
Let c(d) = 25*d**2 + 48*d - 38. Let g(v) = 18*v**2 + 32*v - 25. Let m(z) = 5*c(z) - 7*g(z). What is m(15)?
0
Let v(g) = g**2 + 50*g - 1136. Let n be v(-67). Let m(j) = 54*j - 182. Calculate m(n).
-20
Let y(d) = d**3 - 13*d**2 - 9*d + 22. Let u = -11205 + 11219. Determine y(u).
92
Let a(x) = 60*x + 40. Let u(w) = 7*w + 5. Let s be 4 - (-1392)/32*(-2)/3. Let i(k) = s*u(k) + 3*a(k). Give i(4).
15
Suppose 11*y - 13 = -4*q - 33, 15 = -3*q + 5*y. Let l(j) = j**3 + 4*j**2 - 12*j - 35. Give l(q).
0
Let s(h) = -2*h + 1. Let m(p) be the second derivative of -p**3/3 + p**2/2 + 44*p